{"id":7,"date":"2018-06-20T02:32:18","date_gmt":"2018-06-20T02:32:18","guid":{"rendered":"https:\/\/lamoreno.com.ar\/web\/?page_id=7"},"modified":"2025-10-01T17:51:38","modified_gmt":"2025-10-01T20:51:38","slug":"catalogo","status":"publish","type":"page","link":"https:\/\/lamoreno.com.ar\/web\/catalogo\/","title":{"rendered":"Cat\u00e1logo"},"content":{"rendered":"<div id=\"fb-root\"><\/div>\n\n<h2 class=\"wp-block-heading has-text-align-center\">Durante las 24 hs, todo el a\u00f1o, pod\u00e9s consultar nuestro cat\u00e1logo en l\u00ednea.<\/h2>\n\n\n\n<div class=\"iframe-block-container\"><iframe src=\"http:\/\/0860.bepe.ar\/\" style=\"border:none;max-width:100%;width:100%;height:900px\" frameborder=\"0\" scrolling=\"yes\" allowfullscreen><\/iframe><\/div>\n\n\n\n<div class=\"iframe-block-container\"><iframe src=\"http:\/\/0860.bepe.ar\/\" style=\"border:none;max-width:100%;width:100%;height:900px\" frameborder=\"0\" scrolling=\"yes\" allowfullscreen><\/iframe><\/div>\n<!-- AddThis Advanced Settings generic via filter on the_content --><!-- AddThis Share Buttons generic via filter on the_content -->","protected":false},"excerpt":{"rendered":"<p>Durante las 24 hs, todo el a\u00f1o, pod\u00e9s consultar nuestro cat\u00e1logo en l\u00ednea.<!-- AddThis Advanced Settings generic via filter on get_the_excerpt --><!-- AddThis Share Buttons generic via filter on get_the_excerpt --><\/p>\n","protected":false},"author":2,"featured_media":0,"parent":0,"menu_order":3,"comment_status":"closed","ping_status":"closed","template":"template\/template-page-full-width.php","meta":{"footnotes":""},"class_list":["post-7","page","type-page","status-publish","hentry"],"_links":{"self":[{"href":"https:\/\/lamoreno.com.ar\/web\/wp-json\/wp\/v2\/pages\/7","targetHints":{"allow":["GET"]}}],"collection":[{"href":"https:\/\/lamoreno.com.ar\/web\/wp-json\/wp\/v2\/pages"}],"about":[{"href":"https:\/\/lamoreno.com.ar\/web\/wp-json\/wp\/v2\/types\/page"}],"author":[{"embeddable":true,"href":"https:\/\/lamoreno.com.ar\/web\/wp-json\/wp\/v2\/users\/2"}],"replies":[{"embeddable":true,"href":"https:\/\/lamoreno.com.ar\/web\/wp-json\/wp\/v2\/comments?post=7"}],"version-history":[{"count":29,"href":"https:\/\/lamoreno.com.ar\/web\/wp-json\/wp\/v2\/pages\/7\/revisions"}],"predecessor-version":[{"id":2403,"href":"https:\/\/lamoreno.com.ar\/web\/wp-json\/wp\/v2\/pages\/7\/revisions\/2403"}],"wp:attachment":[{"href":"https:\/\/lamoreno.com.ar\/web\/wp-json\/wp\/v2\/media?parent=7"}],"curies":[{"name":"wp","href":"https:\/\/api.w.org\/{rel}","templated":true}]}}