{"id":2334,"date":"2025-04-05T11:35:30","date_gmt":"2025-04-05T14:35:30","guid":{"rendered":"https:\/\/lamoreno.com.ar\/web\/?post_type=product&#038;p=2334"},"modified":"2026-08-31T20:19:02","modified_gmt":"2026-08-31T23:19:02","slug":"el-evento-de-la-musarana-7a-resistencia-poetica","status":"publish","type":"product","link":"https:\/\/lamoreno.com.ar\/web\/producto\/el-evento-de-la-musarana-7a-resistencia-poetica\/","title":{"rendered":"El Evento de la Musara\u00f1a &#8211; 13a Resistencia Po\u00e9tica"},"content":{"rendered":"<div id=\"fb-root\"><\/div>\n<p>&#x1f525;&#x1f389;&#x1f525; <strong>\u00a1Se viene la 13a Resistencia Po\u00e9tica de El Evento de la Musara\u00f1a!<\/strong> &#x1f525;&#x1f389;&#x1f525;<\/p>\n<p>Que el encuentro, el abrazo, la ternura y la amistad sigan siendo nuestros pilares para construir una comunidad fuerte y unida.<br \/>\nEste s\u00e1bado 12 de septiembre, a las 19:30 hs, lxs esperamos en la Asociaci\u00f3n Cultural y Biblioteca Popular Mariano Moreno, Spr\u00edngolo 680, valios\u00edsimo refugio cultural en el querido barrio de S\u00e1enz Pe\u00f1a. <a class=\"x1i10hfl xjbqb8w x1ejq31n xd10rxx x1sy0etr x17r0tee x972fbf xcfux6l x1qhh985 xm0m39n x9f619 x1ypdohk xt0psk2 xe8uvvx xdj266r x11i5rnm xat24cr x1mh8g0r xexx8yu x4uap5 x18d9i69 xkhd6sd x16tdsg8 x1hl2dhg xggy1nq x1a2a7pz notranslate _a6hd\" tabindex=\"0\" role=\"link\" href=\"https:\/\/www.instagram.com\/lamorenosp\/\">@lamorenosp<\/a><\/p>\n<p>&#x1fab7; a continuaci\u00f3n<br \/>\n&#x2764;&#xfe0f;&#x1f525;les contamos qui\u00e9nes son lxs invitadxs:<\/p>\n<p>Poes\u00eda:<br \/>\n&#x1f525; Paola G\u00f3mez Codina<br \/>\n&#x1f525; Franco Pozzo<br \/>\n&#x1f525; Camila Newton<\/p>\n<p>Secci\u00f3n Radar:<br \/>\n&#x1f525; Oscar Maz\u00fa<\/p>\n<p>&#x2728;&#x1f525;&#x2728;<\/p>\n<p>&#x274c; Artistas que no pueden dejar de conocer, escuchar y leer \u00a1Porque son geniales!<\/p>\n<p>Acompa\u00f1ando al poema, estrella m\u00e1xima en nuestras resistencias, tendremos riqu\u00edsimas charlas de poes\u00eda y artes visuales + la m\u00fasica \u00a1inimaginable! de DJ Musara\u00f1a, y paredes y paredes de libros, venta de stickers y una barra a precios s\u00faper populares<\/p>\n<p>&#x1f3a4;&#x1f525; Para despedirnos, se vendr\u00e1 el MIC ABIERTO &#x1f3a4;&#x1f525;<\/p>\n<p>Si, as\u00ed como le\u00edste. Apenas lleg\u00e1s, nos dec\u00eds que te quer\u00e9s anotar.<\/p>\n<p>Las y los esperamos<\/p>\n<!-- AddThis Advanced Settings generic via filter on the_content --><!-- AddThis Share Buttons generic via filter on the_content -->","protected":false},"excerpt":{"rendered":"<p><strong>\u00a1Se viene la 13a Resistencia Po\u00e9tica de El Evento de la Musara\u00f1a!\u00a0<\/strong><\/p>\n<p><span style=\"color: #ff0000;\"><strong>La entrada ser\u00e1 al sombrero&#8230; consciente.<\/strong><\/span><\/p>\n<p><span style=\"color: #000000;\">S\u00e1bado 12 de septiembre, a las 19:30 hs, las y los esperamos en La Moreno, Spr\u00edngolo 680, valios\u00edsimo refugio cultural en el querido barrio de S\u00e1enz Pe\u00f1a. <a class=\"x1i10hfl xjbqb8w x1ejq31n xd10rxx x1sy0etr x17r0tee x972fbf xcfux6l x1qhh985 xm0m39n x9f619 x1ypdohk xt0psk2 xe8uvvx xdj266r x11i5rnm xat24cr x1mh8g0r xexx8yu x4uap5 x18d9i69 xkhd6sd x16tdsg8 x1hl2dhg xggy1nq x1a2a7pz notranslate _a6hd\" style=\"color: #000000;\" tabindex=\"0\" role=\"link\" href=\"https:\/\/www.instagram.com\/lamorenosp\/\">@lamorenosp<\/a><\/span><!-- AddThis Advanced Settings generic via filter on get_the_excerpt --><!-- AddThis Share Buttons generic via filter on get_the_excerpt --><\/p>\n","protected":false},"featured_media":2578,"comment_status":"closed","ping_status":"closed","template":"","meta":[],"product_brand":[],"product_cat":[92],"product_tag":[],"class_list":["post-2334","product","type-product","status-publish","has-post-thumbnail","product_cat-espectaculos","first","onbackorder","featured","shipping-taxable","purchasable","product-type-simple"],"_links":{"self":[{"href":"https:\/\/lamoreno.com.ar\/web\/wp-json\/wp\/v2\/product\/2334","targetHints":{"allow":["GET"]}}],"collection":[{"href":"https:\/\/lamoreno.com.ar\/web\/wp-json\/wp\/v2\/product"}],"about":[{"href":"https:\/\/lamoreno.com.ar\/web\/wp-json\/wp\/v2\/types\/product"}],"replies":[{"embeddable":true,"href":"https:\/\/lamoreno.com.ar\/web\/wp-json\/wp\/v2\/comments?post=2334"}],"wp:featuredmedia":[{"embeddable":true,"href":"https:\/\/lamoreno.com.ar\/web\/wp-json\/wp\/v2\/media\/2578"}],"wp:attachment":[{"href":"https:\/\/lamoreno.com.ar\/web\/wp-json\/wp\/v2\/media?parent=2334"}],"wp:term":[{"taxonomy":"product_brand","embeddable":true,"href":"https:\/\/lamoreno.com.ar\/web\/wp-json\/wp\/v2\/product_brand?post=2334"},{"taxonomy":"product_cat","embeddable":true,"href":"https:\/\/lamoreno.com.ar\/web\/wp-json\/wp\/v2\/product_cat?post=2334"},{"taxonomy":"product_tag","embeddable":true,"href":"https:\/\/lamoreno.com.ar\/web\/wp-json\/wp\/v2\/product_tag?post=2334"}],"curies":[{"name":"wp","href":"https:\/\/api.w.org\/{rel}","templated":true}]}}

El Evento de la Musaraña &#8211; 13a Resistencia Poética

<div id="fb-root"></div>
<p>&#x1f525;&#x1f389;&#x1f525; <strong>¡Se viene la 13a Resistencia Poética de El Evento de la Musaraña!</strong> &#x1f525;&#x1f389;&#x1f525;</p>
<p>Que el encuentro, el abrazo, la ternura y la amistad sigan siendo nuestros pilares para construir una comunidad fuerte y unida.<br />
Este sábado 12 de septiembre, a las 19:30 hs, lxs esperamos en la Asociación Cultural y Biblioteca Popular Mariano Moreno, Spríngolo 680, valiosísimo refugio cultural en el querido barrio de Sáenz Peña. <a class="x1i10hfl xjbqb8w x1ejq31n xd10rxx x1sy0etr x17r0tee x972fbf xcfux6l x1qhh985 xm0m39n x9f619 x1ypdohk xt0psk2 xe8uvvx xdj266r x11i5rnm xat24cr x1mh8g0r xexx8yu x4uap5 x18d9i69 xkhd6sd x16tdsg8 x1hl2dhg xggy1nq x1a2a7pz notranslate _a6hd" tabindex="0" role="link" href="https://www.instagram.com/lamorenosp/">@lamorenosp</a></p>
<p>&#x1fab7; a continuación<br />
&#x2764;&#xfe0f;&#x1f525;les contamos quiénes son lxs invitadxs:</p>
<p>Poesía:<br />
&#x1f525; Paola Gómez Codina<br />
&#x1f525; Franco Pozzo<br />
&#x1f525; Camila Newton</p>
<p>Sección Radar:<br />
&#x1f525; Oscar Mazú</p>
<p>&#x2728;&#x1f525;&#x2728;</p>
<p>&#x274c; Artistas que no pueden dejar de conocer, escuchar y leer ¡Porque son geniales!</p>
<p>Acompañando al poema, estrella máxima en nuestras resistencias, tendremos riquísimas charlas de poesía y artes visuales + la música ¡inimaginable! de DJ Musaraña, y paredes y paredes de libros, venta de stickers y una barra a precios súper populares</p>
<p>&#x1f3a4;&#x1f525; Para despedirnos, se vendrá el MIC ABIERTO &#x1f3a4;&#x1f525;</p>
<p>Si, así como leíste. Apenas llegás, nos decís que te querés anotar.</p>
<p>Las y los esperamos</p>
<!-- AddThis Advanced Settings generic via filter on the_content --><!-- AddThis Share Buttons generic via filter on the_content -->

<p><strong>¡Se viene la 13a Resistencia Poética de El Evento de la Musaraña! </strong></p>
<p><span style="color: #ff0000;"><strong>La entrada será al sombrero&#8230; consciente.</strong></span></p>
<p><span style="color: #000000;">Sábado 12 de septiembre, a las 19:30 hs, las y los esperamos en La Moreno, Spríngolo 680, valiosísimo refugio cultural en el querido barrio de Sáenz Peña. <a class="x1i10hfl xjbqb8w x1ejq31n xd10rxx x1sy0etr x17r0tee x972fbf xcfux6l x1qhh985 xm0m39n x9f619 x1ypdohk xt0psk2 xe8uvvx xdj266r x11i5rnm xat24cr x1mh8g0r xexx8yu x4uap5 x18d9i69 xkhd6sd x16tdsg8 x1hl2dhg xggy1nq x1a2a7pz notranslate _a6hd" style="color: #000000;" tabindex="0" role="link" href="https://www.instagram.com/lamorenosp/">@lamorenosp</a></span><!-- AddThis Advanced Settings generic via filter on get_the_excerpt --><!-- AddThis Share Buttons generic via filter on get_the_excerpt --></p>
