{"id":2588,"date":"2026-08-31T21:01:23","date_gmt":"2026-09-01T00:01:23","guid":{"rendered":"https:\/\/lamoreno.com.ar\/web\/?post_type=product&#038;p=2588"},"modified":"2026-08-31T21:09:45","modified_gmt":"2026-09-01T00:09:45","slug":"presentacion-del-libro-asi-mataban","status":"publish","type":"product","link":"https:\/\/lamoreno.com.ar\/web\/producto\/presentacion-del-libro-asi-mataban\/","title":{"rendered":"Presentaci\u00f3n del libro &#8220;As\u00ed mataban &#8211; Subzona 33&#8221;"},"content":{"rendered":"<div id=\"fb-root\"><\/div>\n<p><strong>H\u00c9CTOR BELLAGAMBA<\/strong><br \/>\n<strong>AS\u00cd MATABAN. GEOGRAF\u00cdA DEL GENOCIDIO # 02: SUBZONA 33<\/strong><\/p>\n<p>Un libro en la misma cruda l\u00ednea que el anterior, pero centrado en las atrocidades de la \u00faltima dictadura en la regi\u00f3n de Cuyo.<\/p>\n<p><strong>H\u00e9ctor Bellagamba<\/strong>, reconstruye historias que ilustran el horror vivido en la Subzona 33, centro neur\u00e1lgico de la represi\u00f3n.<\/p>\n<p>La obra cuenta con el talento de destacados dibujantes como<em><strong> Canelo, Ib\u00e1\u00f1ez, Mezquita, Molina, Rosingana, Santana y Valentini<\/strong><\/em>, quienes logran ponerle imagen a lo inenarrable.<\/p>\n<p>Historias que por lo terribles parecen ficticias, pero no: son estampas de un pasado no muy lejano que hoy parece m\u00e1s c\u00f3modo relativizar e incluso olvidar.<\/p>\n<p>Una obra necesaria que quiere aportar su valioso grano de arena para que no perdamos jam\u00e1s la Memoria&#8230;<br \/>\ny <strong><em>que Nunca M\u00e1s sea Nunca M\u00e1s<\/em><\/strong>.<\/p>\n<!-- AddThis Advanced Settings generic via filter on the_content --><!-- AddThis Share Buttons generic via filter on the_content -->","protected":false},"excerpt":{"rendered":"<p><span style=\"color: #ff0000;\"><strong>S\u00e1bado 5 de septiembre &#8211; 19 hs<\/strong><\/span><\/p>\n<p><strong>H\u00e9ctor Bellagamba<\/strong> presenta su libro <strong>&#8220;As\u00ed mataban, subzona 33&#8221;<\/strong><!-- AddThis Advanced Settings generic via filter on get_the_excerpt --><!-- AddThis Share Buttons generic via filter on get_the_excerpt --><\/p>\n","protected":false},"featured_media":2589,"comment_status":"closed","ping_status":"closed","template":"","meta":[],"product_brand":[],"product_cat":[92],"product_tag":[],"class_list":["post-2588","product","type-product","status-publish","has-post-thumbnail","product_cat-espectaculos","first","onbackorder","shipping-taxable","purchasable","product-type-simple"],"_links":{"self":[{"href":"https:\/\/lamoreno.com.ar\/web\/wp-json\/wp\/v2\/product\/2588","targetHints":{"allow":["GET"]}}],"collection":[{"href":"https:\/\/lamoreno.com.ar\/web\/wp-json\/wp\/v2\/product"}],"about":[{"href":"https:\/\/lamoreno.com.ar\/web\/wp-json\/wp\/v2\/types\/product"}],"replies":[{"embeddable":true,"href":"https:\/\/lamoreno.com.ar\/web\/wp-json\/wp\/v2\/comments?post=2588"}],"wp:featuredmedia":[{"embeddable":true,"href":"https:\/\/lamoreno.com.ar\/web\/wp-json\/wp\/v2\/media\/2589"}],"wp:attachment":[{"href":"https:\/\/lamoreno.com.ar\/web\/wp-json\/wp\/v2\/media?parent=2588"}],"wp:term":[{"taxonomy":"product_brand","embeddable":true,"href":"https:\/\/lamoreno.com.ar\/web\/wp-json\/wp\/v2\/product_brand?post=2588"},{"taxonomy":"product_cat","embeddable":true,"href":"https:\/\/lamoreno.com.ar\/web\/wp-json\/wp\/v2\/product_cat?post=2588"},{"taxonomy":"product_tag","embeddable":true,"href":"https:\/\/lamoreno.com.ar\/web\/wp-json\/wp\/v2\/product_tag?post=2588"}],"curies":[{"name":"wp","href":"https:\/\/api.w.org\/{rel}","templated":true}]}}

Presentación del libro &#8220;Así mataban &#8211; Subzona 33&#8221;

<div id="fb-root"></div>
<p><strong>HÉCTOR BELLAGAMBA</strong><br />
<strong>ASÍ MATABAN. GEOGRAFÍA DEL GENOCIDIO # 02: SUBZONA 33</strong></p>
<p>Un libro en la misma cruda línea que el anterior, pero centrado en las atrocidades de la última dictadura en la región de Cuyo.</p>
<p><strong>Héctor Bellagamba</strong>, reconstruye historias que ilustran el horror vivido en la Subzona 33, centro neurálgico de la represión.</p>
<p>La obra cuenta con el talento de destacados dibujantes como<em><strong> Canelo, Ibáñez, Mezquita, Molina, Rosingana, Santana y Valentini</strong></em>, quienes logran ponerle imagen a lo inenarrable.</p>
<p>Historias que por lo terribles parecen ficticias, pero no: son estampas de un pasado no muy lejano que hoy parece más cómodo relativizar e incluso olvidar.</p>
<p>Una obra necesaria que quiere aportar su valioso grano de arena para que no perdamos jamás la Memoria&#8230;<br />
y <strong><em>que Nunca Más sea Nunca Más</em></strong>.</p>
<!-- AddThis Advanced Settings generic via filter on the_content --><!-- AddThis Share Buttons generic via filter on the_content -->

<p><span style="color: #ff0000;"><strong>Sábado 5 de septiembre &#8211; 19 hs</strong></span></p>
<p><strong>Héctor Bellagamba</strong> presenta su libro <strong>&#8220;Así mataban, subzona 33&#8221;</strong><!-- AddThis Advanced Settings generic via filter on get_the_excerpt --><!-- AddThis Share Buttons generic via filter on get_the_excerpt --></p>
